t l be 3/9 + 38/(-6). Let s = 10 + l. Suppose -936 = -4*o + b, -948 = -s*o - b - b. Is o prime?
False
Is 6/48 - (-78261)/24 a composite number?
True
Let f(l) = 46*l - 8. Let r be f(-14). Let o be 1*(1 + -2)*441. Let i = o - r. Is i a prime number?
True
Let y(f) = 5*f + 9. Let t be y(-3). Is (-1149)/t + (-1)/2 a composite number?
False
Let o(a) be the third derivative of 43*a**4/24 + 5*a**3/6 + 3*a**2. Let y be o(3). Suppose y = -2*h + 4*h. Is h a prime number?
True
Let g be 1*1/(-1) + 0. Let c(y) = -61*y - 27*y - 1 - 7*y. Is c(g) composite?
True
Suppose 0 = -2*h + 3*l + 15, h - 4*l = -8 + 28. Suppose -106 = 5*a - 136. Suppose a*z + h*z - 870 = 0. Is z composite?
True
Let k(f) = 3*f**2 + 6*f - 132. Is k(27) a composite number?
True
Suppose 4*x + h - 361250 = 0, -9*h = -9*x - 8*h + 812819. Is x composite?
False
Suppose 103*l - 54601 = -4*q + 104*l, 3*q = -4*l + 40927. Is q a composite number?
False
Let w be 20*(9/(-3) + 5). Let c = w + -1. Let j = 138 + c. Is j a prime number?
False
Suppose 987024 = 45*z + 3*z. Is z composite?
False
Let n(z) = -293*z + 180. Is n(-13) composite?
False
Let x(c) = -421*c + 2. Let y be x(6). Is (y/20)/((-2)/10) a prime number?
True
Let m(x) = 143*x**2 - 2*x - 10. Let l be m(-2). Let w = l - -531. Is w composite?
False
Suppose z = -5*b + 12485, -3*b + 7504 = z - 3*z. Suppose 4*v = 1122 + b. Is v a composite number?
True
Suppose -d + 0*d = -5. Suppose 187 + 371 = 2*f + 4*n, d*f + 2*n - 1355 = 0. Is f a composite number?
False
Suppose -18*q + 50870 = -8*q. Is q a composite number?
False
Let v(g) = 260*g**3 - g**2 - 2*g + 2. Is v(1) a prime number?
False
Suppose -65*g = -64*g - 2. Suppose f = g*r - 219 - 1092, -r + 2*f = -663. Is r composite?
False
Let c be 4/20 - (-1422)/15. Let t = 306 - c. Is t prime?
True
Let o(p) = 2*p - 1. Let c be -1*(-3 - (3 + -3)). Let f be o(c). Suppose 0*r = f*r - 425. Is r prime?
False
Let y = -16 - -14. Is (2/1)/(y/(-1559)) a composite number?
False
Let u(z) = z. Let m(b) = -3*b - 3. Let a(h) = m(h) + 4*u(h). Let y be a(5). Is (-5 + 4)/(y/(-182)) a composite number?
True
Let z(h) = 21*h - 23. Let y(o) = -22*o + 23. Let l(n) = -4*y(n) - 5*z(n). Suppose 2*p = -3*m - 26, 3*m = 5*p - 0*m + 86. Is l(p) a composite number?
True
Suppose 5*u - 2*y = -5*y + 7, 0 = u - 2*y - 4. Let p be (u - -1) + -7 + -9. Is (-2481)/p + (-6)/(-39) a prime number?
True
Let p(k) = -5878*k**3 - k**2 - 7*k - 5. Is p(-1) composite?
False
Suppose 4*l + i - 1064 = 5*i, i + 2 = 0. Let y = -53 + l. Is y composite?
False
Let k(f) = -18*f + 15. Let a be k(12). Let p be a/(-6)*(2 + 0). Suppose -3*w - 47 = -r, -2*r = -5*w - 27 - p. Is r prime?
True
Let d(m) = m**2 + 4*m + 14. Let n(x) = -7*x**2 - 33*x - 6. Let r be n(-5). Is d(r) composite?
True
Let c(i) = -i**2 + 14*i - 16. Let w be c(12). Suppose -3*k + w = 2. Suppose 5*t - 4*u = 95, -k*t = -4*t - 2*u + 38. Is t a composite number?
False
Is -2 + 1/(2 - 9425/4715) a prime number?
True
Let a = -32 + 34. Suppose 4*j - 359 = l, 0 = -5*j - 5*l + 432 - a. Is j composite?
False
Let s be 10/1*(-9 - -11). Suppose -9*t + 575 = -4*t + 2*p, -4*p - s = 0. Let n = -40 + t. Is n composite?
True
Suppose 3*h + 5*j = j, -h = 3*j - 5. Let t be (9/12)/((-1)/h). Suppose -5*y - 15 = -0*y, 5*n + t*y - 2456 = 0. Is n a prime number?
False
Suppose -3*y = 5*f - 48744, 0 = -2*y - 3*f + 1967 + 30530. Is y a composite number?
False
Suppose 0 = -l, 2*u = -3*l - 0*l + 10042. Is u a prime number?
True
Let b = -14 - -20. Suppose 0 = -x + 3*p - 2, -18 = 3*x - b*x - 3*p. Suppose -m = x*m - 65. Is m composite?
False
Let m(r) = r**3 + 12*r**2 + 3*r - 11. Let c be m(-10). Suppose 116 = 5*n - c. Is n/(1/(3 - 2)) a composite number?
True
Let m(n) be the second derivative of 145*n**3/6 + 17*n**2/2 - 5*n. Is m(6) a prime number?
True
Suppose 2263 - 123 = -4*m. Let f = -272 - m. Is f composite?
False
Suppose 3*t = 3*h + 15, -5*t + 10 = h + 3. Let c be 94 - t - (-4)/(-2). Suppose 5*w - c = j, 3*w = j + 19 + 33. Is w a prime number?
True
Let o(y) = -9*y + 14*y**2 + 12*y**2 - 4 + 14*y**2 + 15. Is o(6) a composite number?
True
Let u be (-72)/(-16) + 2/(-4). Suppose u*w - r + 3*r - 1750 = 0, -4*w + r + 1735 = 0. Let t = w + 34. Is t a prime number?
False
Suppose 0 = 2*l - l - 4*o - 22, -5*l = 3*o + 5. Suppose -10*y + 3*y = 0. Suppose -5*u - l*g + 807 = y, 3*u = -5*g + g + 487. Is u composite?
True
Is ((-4989)/(-12) + -10)*8/6 a prime number?
True
Is (-2)/45 - (-5035087)/1845 composite?
False
Let l be (-308)/26 + 2/(-13). Let w be l/(-8) - (-5313)/6. Suppose -5*h - 4*i = -937, 4*h = -5*i + w - 132. Is h prime?
False
Let l be 16 + 0/(-2 + 0). Suppose -18*j = -l*j. Suppose 0 = 2*k - j*k - 826. Is k a composite number?
True
Suppose -27*s + 81304 + 534485 = 0. Is s composite?
False
Suppose -2 = p, 6*l + 5*p - 6319 = 5*l. Suppose 2*b = l + 8525. Is b a prime number?
False
Suppose 6 - 13 = 3*f - 4*y, 5*f + 4 = -y. Let r be f/(-1)*-17 - -2. Let h(o) = o**3 + 16*o**2 + 10*o + 16. Is h(r) a composite number?
True
Let q be (-154942)/(-14) + -2 - (-4)/(-14). Suppose -s = 4*s - q. Is s composite?
False
Let a be 1/(4/12)*2. Let z(y) = 2*y**2 + 0*y + 1 - a + 6*y. Is z(-6) composite?
False
Suppose 2*k - c - 30 = 0, 44 - 122 = -5*k + 4*c. Let s(g) = 175*g + 53. Is s(k) a composite number?
False
Suppose -2*f + 5*a = 8451 - 25904, 5*f + a = 43592. Is f a prime number?
True
Suppose -5*a + a + 8 = 0. Suppose -a*b = -544 - 198. Is b a prime number?
False
Suppose 0 = 84*z - 92*z + 20872. Is z prime?
True
Let w be (-18)/(-4) - (-2)/(-4). Suppose w = 3*z - 11. Suppose 2*i - 3*p = 151, 185 = z*i + 3*p - 245. Is i composite?
False
Suppose 0 = -65*z + 68*z - 2*a - 19675, -13106 = -2*z - 4*a. Is z composite?
True
Let c be (4 + -1)*2/3. Let v(o) = o**2 - 12*o + 30. Let h be v(9). Suppose -91 = -c*s - 5*f, h*s - 3*f = 41 + 85. Is s composite?
False
Let j = 73 - 70. Suppose -j*c + c + 13558 = 0. Is c a prime number?
True
Let j = 45512 + -21583. Is j composite?
False
Let t(k) = k**3 - 15*k**2 + 14*k. Let g be t(14). Suppose 4*p - 8 - 3504 = g. Is p a composite number?
True
Is -10 - -3 - -16735 - (5 - 6) composite?
False
Let l(g) = 4*g - 10. Let w be l(4). Let p be 654/14 - w/(-21). Suppose p + 52 = 3*o. Is o composite?
True
Suppose -5*b + 47 = -i, -4*i - i = 3*b - 17. Let g = b + -4. Suppose f = 3, f - 2215 = -g*h + h. Is h a composite number?
True
Suppose -3*v = 3*o + 24, -4*o + v + 2 = 24. Let m be ((-15)/45)/(1/o). Is (-55)/(-3) - m/(-3) a prime number?
True
Let j(k) = -19 + 7 - 31*k + 12*k**2 - 9*k**2. Is j(23) prime?
False
Suppose -j - 3*o + 5633 = 0, 2*j - 3*o - 7531 - 3717 = 0. Is j composite?
True
Suppose 2*n + 6 = -6. Let i be -4*(-3)/n*1. Is (4 - (-363)/(-6))*i composite?
False
Let j be (-3)/2 + (-13)/(-2). Suppose 101 - 366 = -j*c. Is c a composite number?
False
Let n(b) = -b**3 + 3*b**2 + 1. Let l be n(2). Let q(w) = -w + 230. Let v be q(0). Suppose 2*u + 1084 = 5*h + 5*u, -h - l*u + v = 0. Is h a prime number?
False
Let h = 960 - 1925. Let n = -548 - h. Is n a prime number?
False
Let k(d) = -557*d**3 + d. Let f be k(-1). Let n = -1455 + f. Let y = -342 - n. Is y a prime number?
True
Suppose -49 = -j - t, 3*j + 2*t - 49 = 102. Is j a prime number?
True
Let v(g) = g**3 - g**2 + g + 1. Let c(s) = -5*s**3 + 9*s**2 + 2*s - 1. Let i(l) = c(l) + 4*v(l). Let p be i(6). Is -211*p/((-4)/4) a prime number?
False
Let p be ((-3)/(-6))/(4/1544). Suppose p = 4*x + n, 0*n + 233 = 5*x + 4*n. Suppose 56 = 3*c - x. Is c a composite number?
True
Suppose -2*h = -3*s + 36, 4*h - 26 = -0*s - s. Let u = 14 - s. Suppose u = 2*q - 157 - 245. Is q composite?
True
Is 4389 + -4*1/(-2) a prime number?
True
Suppose -6*m + 6485 = -52261. Is m prime?
True
Let o(z) = 461*z**2 + 4*z + 78. Is o(-7) composite?
False
Let g = -94 + 95. Suppose -4 = l - g, 4*y - 3242 = 2*l. Is y composite?
False
Let u be (-85)/15 + 1/(-3). Let w be 221 - -1 - u/(-3). Suppose w = 4*c + 2*s, s = -3*c - 2*s + 159. Is c a prime number?
False
Let s(y) = 21 - 2*y + 34*y**2 - 20 + 0*y. Suppose -h + 11 = 3*j, h - 12 = -4*j + 2. Is s(h) composite?
True
Let f(l) = -8*l**3 + 2*l**2 + 8*l + 7. Let u be f(-5). Suppose -5*g + u + 338 = 0. Suppose w - 3*z = g, -3*z - 225 + 1324 = 4*w. Is w composite?
True
Let k(f) = -242*f + 10. Let b be k(-5). Is b + -7 + 1*-4 - -4 composite?
False
Suppose -22*l + 75630 = -1